08 a multiple of 8?
True
Does 3 divide 90?
True
Does 7 divide 147?
True
Is 7293 a multiple of 11?
True
Is 7 a factor of 1393?
True
Does 54 divide 9728?
False
Is 24908 a multiple of 52?
True
Is 15 a factor of 1514?
False
Does 17 divide 9553?
False
Is 459 a multiple of 17?
True
Is 19 a factor of 11097?
False
Does 37 divide 13512?
False
Does 9 divide 4773?
False
Is 43 a factor of 26445?
True
Is 9 a factor of 468?
True
Is 43 a factor of 6020?
True
Does 13 divide 2558?
False
Does 15 divide 2040?
True
Is 27 a factor of 243?
True
Does 5 divide 1416?
False
Does 47 divide 12925?
True
Does 13 divide 3991?
True
Does 5 divide 420?
True
Is 6 a factor of 1302?
True
Does 75 divide 14925?
True
Is 42 a factor of 1275?
False
Is 39140 a multiple of 165?
False
Is 10 a factor of 2318?
False
Is 374 a multiple of 54?
False
Is 6 a factor of 126?
True
Is 21073 a multiple of 42?
False
Does 48 divide 1053?
False
Does 9 divide 4578?
False
Is 2262 a multiple of 3?
True
Is 4 a factor of 2122?
False
Is 15 a factor of 1669?
False
Is 18880 a multiple of 59?
True
Does 34 divide 13430?
True
Does 5 divide 1007?
False
Is 8 a factor of 18344?
True
Is 27828 a multiple of 9?
True
Does 41 divide 12177?
True
Is 21 a factor of 10204?
False
Is 124 a factor of 1736?
True
Is 2387 a multiple of 41?
False
Does 6 divide 198?
True
Is 23869 a multiple of 111?
False
Does 9 divide 9324?
True
Is 261 a multiple of 87?
True
Does 3 divide 1539?
True
Does 13 divide 6575?
False
Is 2064 a multiple of 53?
False
Is 13 a factor of 617?
False
Is 6632 a multiple of 184?
False
Is 9 a factor of 867?
False
Is 14 a factor of 1764?
True
Is 1020 a multiple of 68?
True
Is 9 a factor of 8829?
True
Does 37 divide 5254?
True
Does 8 divide 10824?
True
Is 14 a factor of 1288?
True
Is 15 a factor of 6827?
False
Is 2603 a multiple of 15?
False
Is 4058 a multiple of 4?
False
Is 1935 a multiple of 15?
True
Does 12 divide 4066?
False
Is 262 a factor of 1495?
False
Is 89 a factor of 1335?
True
Is 76 a factor of 6908?
False
Is 7 a factor of 709?
False
Does 13 divide 1131?
True
Is 475 a multiple of 19?
True
Is 5 a factor of 445?
True
Is 427 a multiple of 7?
True
Is 52 a factor of 624?
True
Is 57980 a multiple of 223?
True
Is 42357 a multiple of 10?
False
Is 10699 a multiple of 30?
False
Is 212 a multiple of 4?
True
Is 1530 a multiple of 15?
True
Is 15 a factor of 1455?
True
Is 277 a multiple of 45?
False
Is 678 a multiple of 6?
True
Is 17 a factor of 27469?
False
Is 2865 a multiple of 30?
False
Does 21 divide 80493?
True
Does 13 divide 14586?
True
Is 21547 a multiple of 29?
True
Does 5 divide 410?
True
Is 50 a factor of 407?
False
Does 22 divide 348?
False
Is 68 a factor of 544?
True
Is 12 a factor of 1590?
False
Is 19 a factor of 654?
False
Does 6 divide 282?
True
Does 3 divide 12777?
True
Is 13 a factor of 787?
False
Is 46 a factor of 644?
True
Is 24 a factor of 9699?
False
Is 176 a multiple of 8?
True
Is 135 a factor of 1620?
True
Is 43 a factor of 24553?
True
Does 122 divide 24034?
True
Does 70 divide 16157?
False
Is 96005 a multiple of 14?
False
Does 32 divide 842?
False
Is 15 a factor of 81420?
True
Does 30 divide 5040?
True
Is 2880 a multiple of 15?
True
Is 17 a factor of 527?
True
Does 35 divide 3710?
True
Is 176 a multiple of 26?
False
Does 175 divide 5425?
True
Is 50 a factor of 850?
True
Does 12 divide 4896?
True
Does 59 divide 431?
False
Is 41 a factor of 9536?
False
Is 1027 a multiple of 90?
False
Is 11 a factor of 1584?
True
Is 620 a multiple of 20?
True
Is 3 a factor of 1102?
False
Is 10739 a multiple of 43?
False
Is 2343 a multiple of 33?
True
Is 10 a factor of 4638?
False
Is 33 a factor of 12133?
False
Is 140523 a multiple of 10?
False
Is 5 a factor of 11181?
False
Is 5 a factor of 3315?
True
Is 616 a multiple of 22?
True
Does 244 divide 72239?
False
Is 21 a factor of 2247?
True
Is 47 a factor of 94?
True
Is 41280 a multiple of 113?
False
Is 67 a factor of 14946?
False
Does 74 divide 1392?
False
Is 168 a multiple of 10?
False
Is 46 a multiple of 46?
True
Does 4 divide 308?
True
Is 13 a factor of 4074?
False
Is 7 a factor of 78?
False
Does 15 divide 20972?
False
Does 10 divide 2188?
False
Is 9 a factor of 5382?
True
Does 3 divide 1799?
False
Is 7579 a multiple of 53?
True
Is 11 a factor of 41888?
True
Is 16 a factor of 4016?
True
Is 256 a multiple of 16?
True
Does 52 divide 3097?
False
Is 10032 a multiple of 33?
True
Is 3 a factor of 596?
False
Does 16 divide 2012?
False
Is 556 a multiple of 29?
False
Is 86 a factor of 40334?
True
Does 19 divide 2765?
False
Does 42 divide 2058?
True
Is 50 a factor of 3806?
False
Does 11 divide 290?
False
Is 7 a factor of 1113?
True
Does 51 divide 2754?
True
Does 14 divide 3232?
False
Is 1659 a multiple of 9?
False
Does 24 divide 414?
False
Does 18 divide 288?
True
Does 270 divide 26088?
False
Is 45 a factor of 6120?
True
Is 41 a multiple of 35?
False
Does 50 divide 450?
True
Is 20 a factor of 5159?
False
Is 63680 a multiple of 320?
True
Does 19 divide 4820?
False
Is 8867 a multiple of 24?
False
Is 5999 a multiple of 69?
False
Is 90 a factor of 3420?
True
Is 12722 a multiple of 37?
False
Is 23 a factor of 713?
True
Does 21 divide 2961?
True
Is 1614 even?
True
Does 83 divide 7009?
False
Is 8 a factor of 299?
False
Is 26 a factor of 13893?
False
Is 12078 a multiple of 18?
True
Is 4731 a multiple of 57?
True
Is 16259 a multiple of 71?
True
Does 5 divide 2155?
True
Is 108 a factor of 6286?
False
Is 9 a factor of 1458?
True
Is 1747 a multiple of 87?
False
Does 51 divide 11642?
False
Is 33 a factor of 402?
False
Does 53 divide 1272?
True
Does 17 divide 544?
True
Is 3 a factor of 3610?
False
Is 22421 a multiple of 7?
True
Does 67 divide 6060?
False
Is 316 a multiple of 158?
True
Is 2 a factor of 209?
False
Is 11 a factor of 14333?
True
Is 13 a factor of 52741?
True
Is 304 a multiple of 13?
False
Is 350 a multiple of 35?
True
Does 14 divide 47943?
False
Is 30 a factor of 2160?
True
Is 40 a factor of 292?
False
Is 38 a factor of 76?
True
Does 3 divide 2155?
False
Does 231 divide 78540?
True
Does 133 divide 53599?
True
Is 132 a multiple of 33?
True
Is 9 a factor of 353?
False
Is 33 a factor of 801?
False
Is 20 a factor of 1682?
False
Is 43 a factor of 60544?
True
Is 510 a multiple of 34?
True
Is 69678 a multiple of 9?
True
Is 30 a factor of 3210?
True
Is 96 a multiple of 16?
True
Is 97 a factor of 3783?
True
Is 36 a factor of 2906?
False
Does 10 divide 304?
False
Is 19 a factor of 266?
True
Is 35 a factor of 18699?
False
Is 4424 a multiple of 158?
True
Is 13431 a multiple of 28?
False
Does 5 divide 19045?
True
Is 29 a multiple of 2?
False
Is 42 a factor of 134436?
False
Does 383 divide 58326?
False
Is 400 a multiple of 7?
False
Does 5 divide 44150?
True
Is 117 a multiple of 3?
True
Does 33 divide 1518?
True
Is 31 a factor of 1085?
True
Is 28 a factor of 672?
True
Is 12696 a multiple of 24?
True
Is 23 a factor of 20813?
False
Does 64 divide 1024?
True
Is 4978 a multiple of 38?
True
Is 14217 a multiple of 14?
False
Does 31 divide 248?
True
Does 4 divide 356?
True
Is 26 a factor of 44717?
False
Is 13 a factor of 1004?
False
Does 18 divide 1224?
True
Is 322 a multiple of 20?
False
Is 6 a factor of 18?
True
Is 32 a factor of 29455?
False
Is 13 a factor of 169?
True
Does 14 divide 448?
True
Is 21355 a multiple of 30?
False
Is 44 a factor of 10589?
False
Is 8 a factor of 140?
False
Is 1444 a multiple of 12?
False
Is 8 a factor of 7432?
True
Is 5 a factor of 151?
False
Is 2856 a multiple of 12?
True
Is 148 a multiple of 37?
True
Is 775 a multiple of 25?
True
Does 59 divide 24401?
False
Is 21156 a multiple of 172?
True
Is 11 a factor of 2864?
False
Is 42 a factor of 2352?
True
Is 158 a multiple of 6?
False
Is 193 a multiple of 3?
False
Is 34 a factor of 34?
True
Is 10181 a multiple of 68?
False
Is 55 a factor of 136?
False
Is 17 a factor of 613?
False
Is 22 a factor of 205?
False
Is 218 a factor of 8120?
False
Is 6224 a multiple of 21?
False
Is 6 a factor of 798?
True
Is 11 a factor of 330?
True
Does 15 divide 343?
False
Is 57 a factor of 7342?
False
Does 82 divide 21189?
False
Is 13 a factor of 6393?
False
Is 14 a factor of 1848?
True
Is 17 a factor of 8585?
True
Is 1052 a multiple of 22?
False
Does 19 divide 47253?
True
Is 41 a factor of 656?
True
Is 75 a factor of 31862?
False
Does 5 divid